he prime factors of 41080.
2, 5, 13, 79
What are the prime factors of 8617783?
31, 277993
What are the prime factors of 485275?
5, 7, 47, 59
List the prime factors of 222996.
2, 3, 18583
List the prime factors of 49336.
2, 7, 881
What are the prime factors of 15045269?
53, 283873
List the prime factors of 14120868.
2, 3, 47, 25037
List the prime factors of 6137584.
2, 167, 2297
What are the prime factors of 8017279?
101, 79379
List the prime factors of 4736486.
2, 109, 21727
List the prime factors of 352671.
3, 11, 10687
List the prime factors of 4766.
2, 2383
What are the prime factors of 1044684?
2, 3, 17, 569
What are the prime factors of 775265?
5, 47, 3299
List the prime factors of 154165.
5, 11, 2803
What are the prime factors of 4180593?
3, 37, 37663
List the prime factors of 418131.
3, 7, 6637
What are the prime factors of 1004768?
2, 17, 1847
What are the prime factors of 299993?
299993
What are the prime factors of 19821160?
2, 5, 137, 3617
List the prime factors of 4227476.
2, 11, 96079
List the prime factors of 986001.
3, 328667
What are the prime factors of 1166608?
2, 17, 4289
What are the prime factors of 1347097?
17, 79241
What are the prime factors of 7967011?
13, 612847
What are the prime factors of 5483248?
2, 17, 19, 1061
What are the prime factors of 3426515?
5, 607, 1129
What are the prime factors of 973756?
2, 7, 83, 419
What are the prime factors of 1322046?
2, 3, 11, 607
What are the prime factors of 2550133?
2550133
What are the prime factors of 1544210?
2, 5, 307, 503
List the prime factors of 63162.
2, 3, 11, 29
List the prime factors of 8974817.
599, 14983
What are the prime factors of 3650447?
3650447
List the prime factors of 207939.
3, 69313
List the prime factors of 38179661.
13, 599, 4903
What are the prime factors of 53068?
2, 13267
List the prime factors of 3084551.
461, 6691
What are the prime factors of 774059?
11, 13, 5413
What are the prime factors of 4099019?
719, 5701
What are the prime factors of 249459?
3, 7, 1697
List the prime factors of 107618.
2, 7, 7687
List the prime factors of 514880.
2, 5, 1609
What are the prime factors of 643688?
2, 17, 4733
What are the prime factors of 344752?
2, 29, 743
List the prime factors of 2871492.
2, 3, 13, 79, 233
List the prime factors of 7513233.
3, 7, 13, 29, 73
List the prime factors of 218708.
2, 7, 73, 107
List the prime factors of 9630805.
5, 1926161
What are the prime factors of 261634?
2, 130817
What are the prime factors of 373669?
373669
List the prime factors of 6493522.
2, 7, 463823
List the prime factors of 1406457.
3, 13, 4007
What are the prime factors of 4331199?
3, 23, 41, 1531
What are the prime factors of 89295?
3, 5, 5953
List the prime factors of 1853059.
13, 142543
List the prime factors of 357590.
2, 5, 35759
What are the prime factors of 999526?
2, 11, 45433
What are the prime factors of 73105?
5, 14621
List the prime factors of 15695.
5, 43, 73
What are the prime factors of 9231778?
2, 337, 13697
What are the prime factors of 2025763?
373, 5431
List the prime factors of 178307.
178307
What are the prime factors of 5372844?
2, 3, 37, 12101
What are the prime factors of 555397?
373, 1489
List the prime factors of 222802.
2, 17, 6553
What are the prime factors of 10291506?
2, 3, 97, 17683
List the prime factors of 2249992.
2, 281249
List the prime factors of 499686.
2, 3, 11, 67, 113
What are the prime factors of 32074?
2, 7, 29, 79
List the prime factors of 10340660.
2, 5, 11, 4273
What are the prime factors of 94366?
2, 29, 1627
What are the prime factors of 3276293?
3276293
What are the prime factors of 419087?
419087
List the prime factors of 351291.
3, 19, 6163
What are the prime factors of 271412?
2, 67853
What are the prime factors of 59909?
139, 431
List the prime factors of 2904886.
2, 31, 46853
List the prime factors of 15997183.
19, 29, 29033
What are the prime factors of 425877?
3, 141959
What are the prime factors of 6423762?
2, 3, 23, 46549
What are the prime factors of 51637?
51637
List the prime factors of 1098727.
7, 17, 1319
List the prime factors of 7515060.
2, 3, 5, 7, 29, 617
List the prime factors of 290703.
3, 7, 109, 127
List the prime factors of 9818899.
9818899
What are the prime factors of 8297?
8297
List the prime factors of 374418.
2, 3, 11, 31, 61
List the prime factors of 261662.
2, 41, 3191
What are the prime factors of 106622?
2, 89, 599
What are the prime factors of 351000?
2, 3, 5, 13
List the prime factors of 18661331.
13, 271, 5297
What are the prime factors of 32304869?
29, 1113961
What are the prime factors of 159374?
2, 79687
List the prime factors of 5144179.
739, 6961
What are the prime factors of 766492?
2, 37, 5179
List the prime factors of 590887.
11, 53717
List the prime factors of 16105687.
13, 1013, 1223
What are the prime factors of 5514630?
2, 3, 5, 11, 17, 983
What are the prime factors of 2309587?
7, 329941
List the prime factors of 5051189.
11, 13, 35323
List the prime factors of 462158.
2, 231079
List the prime factors of 9471419.
263, 36013
What are the prime factors of 9565127?
11, 13, 66889
List the prime factors of 1012452.
2, 3, 7, 17, 709
List the prime factors of 5765278.
2, 17, 169567
List the prime factors of 382309.
443, 863
List the prime factors of 6018559.
97, 62047
What are the prime factors of 3394073?
29, 117037
List the prime factors of 15800357.
277, 57041
What are the prime factors of 72307?
72307
List the prime factors of 237783.
3, 7, 13, 67
List the prime factors of 11657189.
17, 685717
List the prime factors of 708366.
2, 3, 118061
List the prime factors of 106113.
3, 7, 31, 163
List the prime factors of 473081.
7, 19, 3557
What are the prime factors of 873221?
19, 45959
What are the prime factors of 14465563?
7, 2066509
What are the prime factors of 547059?
3, 182353
What are the prime factors of 1667363?
1667363
List the prime factors of 4456999.
173, 25763
What are the prime factors of 2255760?
2, 3, 5, 13, 241
What are the prime factors of 329170?
2, 5, 32917
What are the prime factors of 1884246?
2, 3, 7, 13, 17, 29
What are the prime factors of 2595845?
5, 7, 74167
What are the prime factors of 661503?
3, 23, 9587
What are the prime factors of 215258?
2, 43, 2503
List the prime factors of 264076.
2, 107, 617
List the prime factors of 3790047.
3, 107, 11807
List the prime factors of 297853.
297853
List the prime factors of 468771.
3, 156257
What are the prime factors of 28797468?
2, 3, 7, 131, 2617
What are the prime factors of 9023000?
2, 5, 7, 1289
What are the prime factors of 199051?
31, 6421
What are the prime factors of 22409391?
3, 7469797
What are the prime factors of 231305?
5, 46261
List the prime factors of 478489.
11, 43499
List the prime factors of 3036154.
2, 11, 138007
List the prime factors of 161509.
373, 433
List the prime factors of 4295326.
2, 7, 306809
List the prime factors of 1426827.
3, 17, 101, 277
List the prime factors of 11472168.
2, 3, 29, 53, 311
List the prime factors of 7720325.
5, 308813
What are the prime factors of 943299?
3, 7, 23, 31
List the prime factors of 194155.
5, 13, 29, 103
What are the prime factors of 1602854?
2, 11, 41, 1777
List the prime factors of 7101518.
2, 3550759
List the prime factors of 15325345.
5, 7, 437867
List the prime factors of 16928971.
43, 393697
What are the prime factors of 314273?
29, 10837
List the prime factors of 1570098.
2, 3, 151, 1733
List the prime factors of 13551091.
17, 29, 27487
What are the prime factors of 9067821?
3, 7, 431801
What are the prime factors of 5998332?
2, 3, 313, 1597
List the prime factors of 6435990.
2, 3, 5, 11, 197
What are the prime factors of 5840204?
2, 41, 149, 239
What are the prime factors of 197511?
3, 65837
List the prime factors of 210715.
5, 17, 37, 67
What are the prime factors of 25794205?
5, 5158841
List the prime factors of 4219643.
173, 24391
What are the prime factors of 416900?
2, 5, 11, 379
What are the prime factors of 289026?
2, 3, 16057
What are the prime factors of 221528?
2, 27691
What are the prime factors of 354558?
2, 3, 59093
What are the prime factors of 304974?
2, 3, 16943
List the prime factors of 258858.
2, 3, 73, 197
List the prime factors of 156247.
7, 13, 17, 101
List the prime factors of 240338.
2, 7, 17167
What are the pr